{"id":73,"date":"2017-07-12T20:07:37","date_gmt":"2017-07-12T20:07:37","guid":{"rendered":"http:\/\/netz-gegen-armut.de\/?page_id=73"},"modified":"2025-12-03T15:48:19","modified_gmt":"2025-12-03T15:48:19","slug":"mitagessen-in-gemeinschaft","status":"publish","type":"page","link":"https:\/\/netz-gegen-armut.de\/?page_id=73","title":{"rendered":"Mittagessen in Gemeinschaft"},"content":{"rendered":"<blockquote>\n<p><span style=\"margin: 0px; color: #333333; font-family: 'Helvetica',sans-serif;\">Das Netz gegen Armut will Menschen mit geringem Einkommen nicht nur materiell unterst\u00fctzen, sondern dar\u00fcber hinaus helfen, dass gerade \u00e4ltere Menschen sich nicht wegen ihrer Armut zur\u00fcckziehen, vereinsamen und isoliert werden.<\/span><\/p>\n<\/blockquote>\n<p><span style=\"margin: 0px; color: #333333; font-family: 'Helvetica',sans-serif;\">Deswegen l\u00e4dt das Netz Menschen ab 55 Jahren ein, gemeinsam mit anderen ein Mittagessen in einem Restaurant oder einer Cafeteria in Gerresheim einzunehmen.<br \/>Dazu werden Gutscheine ausgegeben, die ausschlie\u00dflich aus Spenden finanziert sind. Die Spenden kommen von Einzelpersonen und Vereinen aus unserem Stadtbezirk.<\/span><\/p>\n<p style=\"padding-left: 30px;\"><span style=\"margin: 0px; color: #333333; font-family: 'Helvetica',sans-serif;\">Zurzeit beteiligen sich die <\/span><span style=\"margin: 0px; color: #333333; font-family: 'Helvetica',sans-serif;\">Restaurants:<\/span><\/p>\n<p style=\"padding-left: 30px;\"><span style=\"margin: 0px; font-family: 'Helvetica',sans-serif;\">Uscana<\/span><span style=\"margin: 0px; color: #333333; font-family: 'Helvetica',sans-serif;\"> an der Glash\u00fcttenstra\u00dfe<br \/><\/span><span style=\"margin: 0px; color: #333333; font-family: 'Helvetica',sans-serif;\">Caf\u00e8 Frau Heye, Apostelplatz <\/span><\/p>\n<p style=\"padding-left: 30px;\"><span style=\"margin: 0px; color: #333333; font-family: 'Helvetica',sans-serif;\">an der Aktion \u201eMittagessen in Gemeinschaft\u201c und l\u00f6sen die Gutscheine ein.<\/span><\/p>\n<p><span style=\"margin: 0px; color: #333333; font-family: 'Helvetica',sans-serif;\">Weitere Orte:<br \/><\/span><\/p>\n<p>Mittagstisch \u00bbzentrum plus\u00ab Gerresheim (Anmeldung<br \/>erforderlich unter Telefon: 29 65 28)<\/p>\n<p>MiMi \u2013 Mittwochs Mittags in St. Katharina (Anmeldung<br \/>erforderlich unter Mobil: 0174 2173520<\/p>\n<p>BesucherInnen der Lebensmittelausgabe und \u00bbBr\u00f6tchen und Beratung\u00ab k\u00f6nnen daf\u00fcr monatlich einen Gutschein erhalten<\/p>\n\n\n<p><\/p>\n","protected":false},"excerpt":{"rendered":"<p>Das Netz gegen Armut will Menschen mit geringem Einkommen nicht nur materiell unterst\u00fctzen, sondern dar\u00fcber hinaus helfen, dass gerade \u00e4ltere Menschen sich nicht wegen ihrer Armut zur\u00fcckziehen, vereinsamen und isoliert werden. Deswegen l\u00e4dt das Netz Menschen ab 55 Jahren ein, gemeinsam mit anderen ein Mittagessen in einem Restaurant oder einer Cafeteria in Gerresheim einzunehmen.Dazu werden &hellip; <\/p>\n<p class=\"link-more\"><a href=\"https:\/\/netz-gegen-armut.de\/?page_id=73\" class=\"more-link\"><span class=\"screen-reader-text\">\u201eMittagessen in Gemeinschaft\u201c <\/span>weiterlesen<\/a><\/p>\n","protected":false},"author":4,"featured_media":0,"parent":0,"menu_order":0,"comment_status":"closed","ping_status":"closed","template":"","meta":{"footnotes":""},"class_list":["post-73","page","type-page","status-publish","hentry"],"_links":{"self":[{"href":"https:\/\/netz-gegen-armut.de\/index.php?rest_route=\/wp\/v2\/pages\/73","targetHints":{"allow":["GET"]}}],"collection":[{"href":"https:\/\/netz-gegen-armut.de\/index.php?rest_route=\/wp\/v2\/pages"}],"about":[{"href":"https:\/\/netz-gegen-armut.de\/index.php?rest_route=\/wp\/v2\/types\/page"}],"author":[{"embeddable":true,"href":"https:\/\/netz-gegen-armut.de\/index.php?rest_route=\/wp\/v2\/users\/4"}],"replies":[{"embeddable":true,"href":"https:\/\/netz-gegen-armut.de\/index.php?rest_route=%2Fwp%2Fv2%2Fcomments&post=73"}],"version-history":[{"count":11,"href":"https:\/\/netz-gegen-armut.de\/index.php?rest_route=\/wp\/v2\/pages\/73\/revisions"}],"predecessor-version":[{"id":729,"href":"https:\/\/netz-gegen-armut.de\/index.php?rest_route=\/wp\/v2\/pages\/73\/revisions\/729"}],"wp:attachment":[{"href":"https:\/\/netz-gegen-armut.de\/index.php?rest_route=%2Fwp%2Fv2%2Fmedia&parent=73"}],"curies":[{"name":"wp","href":"https:\/\/api.w.org\/{rel}","templated":true}]}}