{"id":65,"date":"2017-07-12T20:33:05","date_gmt":"2017-07-12T20:33:05","guid":{"rendered":"http:\/\/netz-gegen-armut.de\/?page_id=65"},"modified":"2023-06-09T16:16:01","modified_gmt":"2023-06-09T16:16:01","slug":"welcome-point","status":"publish","type":"page","link":"https:\/\/netz-gegen-armut.de\/?page_id=65","title":{"rendered":"Quartiersarbeit im Gerresheimer S\u00fcden"},"content":{"rendered":"<p>Im Februar 2021 ist das auf drei Jahre angelegte Projekt in Tr\u00e4gerschaft der Diakonie D\u00fcsseldorf gestartet. Es wird von der Stiftung Wohlfahrtspflege und Spenden von Unternehmen und Organisationen aus dem Stadtbezirk finanziert.<\/p>\n<p>Quartiersmanagerin ist Mechthild Schm\u00f6lders. So sieht sie ihre Aufgaben:<\/p>\n<p>Lebendige Nachbarschaft f\u00f6rdern<br>\nKn\u00fcpfung neuer Sozialkontakte<br>\nUnterst\u00fctzung von Projektideen<br>\nTeilhabe erm\u00f6glichen<br>\n\u00d6ffentlichkeitsarbeit<br>\nBeratung<br>\nVernetzung<br>\nKooperation zwischen Initiativen, Institutionen u.a.<br>\nGewinnung, Begleitung und Vermittlung von Ehrenamtlichen<br>\nAufbau nachhaltiger Strukturen<\/p>\n<blockquote><p><span style=\"color: #3366ff;\">Kontakt<\/span><\/p><\/blockquote>\n<p>Mechthild Schm\u00f6lders<br>\nMobil:&nbsp;&nbsp; 0174 2173520<br>\nE-Mail: <a href=\"mailto:mechthild.schmoelders@diakonie-duesseldorf.de\">mechthild.schmoelders@diakonie-duesseldorf.de<\/a><\/p>\n\n\n<p><\/p>\n","protected":false},"excerpt":{"rendered":"<p>Im Februar 2021 ist das auf drei Jahre angelegte Projekt in Tr\u00e4gerschaft der Diakonie D\u00fcsseldorf gestartet. Es wird von der Stiftung Wohlfahrtspflege und Spenden von Unternehmen und Organisationen aus dem Stadtbezirk finanziert. Quartiersmanagerin ist Mechthild Schm\u00f6lders. So sieht sie ihre Aufgaben: Lebendige Nachbarschaft f\u00f6rdern Kn\u00fcpfung neuer Sozialkontakte Unterst\u00fctzung von Projektideen Teilhabe erm\u00f6glichen \u00d6ffentlichkeitsarbeit Beratung Vernetzung &hellip; <\/p>\n<p class=\"link-more\"><a href=\"https:\/\/netz-gegen-armut.de\/?page_id=65\" class=\"more-link\"><span class=\"screen-reader-text\">\u201eQuartiersarbeit im Gerresheimer S\u00fcden\u201c <\/span>weiterlesen<\/a><\/p>\n","protected":false},"author":4,"featured_media":0,"parent":0,"menu_order":0,"comment_status":"closed","ping_status":"closed","template":"","meta":{"footnotes":""},"class_list":["post-65","page","type-page","status-publish","hentry"],"_links":{"self":[{"href":"https:\/\/netz-gegen-armut.de\/index.php?rest_route=\/wp\/v2\/pages\/65","targetHints":{"allow":["GET"]}}],"collection":[{"href":"https:\/\/netz-gegen-armut.de\/index.php?rest_route=\/wp\/v2\/pages"}],"about":[{"href":"https:\/\/netz-gegen-armut.de\/index.php?rest_route=\/wp\/v2\/types\/page"}],"author":[{"embeddable":true,"href":"https:\/\/netz-gegen-armut.de\/index.php?rest_route=\/wp\/v2\/users\/4"}],"replies":[{"embeddable":true,"href":"https:\/\/netz-gegen-armut.de\/index.php?rest_route=%2Fwp%2Fv2%2Fcomments&post=65"}],"version-history":[{"count":9,"href":"https:\/\/netz-gegen-armut.de\/index.php?rest_route=\/wp\/v2\/pages\/65\/revisions"}],"predecessor-version":[{"id":666,"href":"https:\/\/netz-gegen-armut.de\/index.php?rest_route=\/wp\/v2\/pages\/65\/revisions\/666"}],"wp:attachment":[{"href":"https:\/\/netz-gegen-armut.de\/index.php?rest_route=%2Fwp%2Fv2%2Fmedia&parent=65"}],"curies":[{"name":"wp","href":"https:\/\/api.w.org\/{rel}","templated":true}]}}